{"id":45,"date":"2021-03-11T19:04:23","date_gmt":"2021-03-11T17:04:23","guid":{"rendered":"http:\/\/smfr.fi\/wordpress\/?page_id=45"},"modified":"2026-04-07T13:16:59","modified_gmt":"2026-04-07T11:16:59","slug":"jasenyys","status":"publish","type":"page","link":"https:\/\/smfr.fi\/wordpress\/jasenyys\/","title":{"rendered":"J\u00e4senyys"},"content":{"rendered":"\n<p>Tervetuloa j\u00e4seneksi! J\u00e4senen\u00e4 olet oikeutettu erilaisiin j\u00e4senetuihin. J\u00e4seneksi liittyminen tapahtuu k\u00e4tev\u00e4sti <a href=\"http:\/\/holvi.smfr.fi\">Holvissa<\/a>.<\/p>\n\n\n\n<p>SMFR:n j\u00e4senen\u00e4 saat usein muita edullisemman sis\u00e4\u00e4np\u00e4\u00e4syn sek\u00e4 SMFR:n ett\u00e4 muiden kotimaisten kinky-yhdistysten tapahtumiin, mink\u00e4 lis\u00e4ksi useat yritykset tarjoavat etuja SMFR:n j\u00e4senille. J\u00e4senen\u00e4 p\u00e4\u00e4set osallistumaan my\u00f6s SMFR:n muihin tilaisuuksiin (mm. j\u00e4senten saunailtoihin). <\/p>\n\n\n\n<p>Syyskokous on vahvistanut vuoden 2026 j\u00e4senmaksuksi yksitt\u00e4isilt\u00e4 j\u00e4senilt\u00e4 25\u20ac ja parij\u00e4senilt\u00e4 40\u20ac (edellytyksen\u00e4 sama postiosoite). Ainaisj\u00e4senmaksun suuruus on normaaliin verrattuna kaksitoistakertainen eli yksitt\u00e4isilt\u00e4 j\u00e4senilt\u00e4 300\u20ac ja parij\u00e4senilt\u00e4 480\u20ac<\/p>\n\n\n\n<p>K\u00e4sittelemme kaikki tiedot luottamuksellisesti. Tiedot ovat vain j\u00e4senrekisteri\u00e4mme varten, jotta voimme toimittaa sinulle j\u00e4senkortin ja yhdistyksen virallisia tiedotteita. Yhdistys on siirtynyt joitain vuosia sitten s\u00e4hk\u00f6iseen j\u00e4senkorttiin jonka kirjautumistiedot saat s\u00e4hk\u00f6postiisi kun j\u00e4senyytesi on hyv\u00e4ksytty.<\/p>\n\n\n\n<p>Mik\u00e4li olet uusi j\u00e4sen joka on tulossa johonkin tapahtumaamme, voit ostaa j\u00e4senyyden ja tapahtumalipun samalla. Ei tarvitse j\u00e4\u00e4d\u00e4 odottelemaan formaalia j\u00e4senyyden hyv\u00e4ksynt\u00e4\u00e4. Voit kirjoittaa j\u00e4sennumerokentt\u00e4\u00e4n vaikkapa &#8216;Uusi j\u00e4sen&#8217;.<\/p>\n\n\n\n<p>J\u00e4senkirjeet ja -tiedotteet toimitamme ensisijaisesti s\u00e4hk\u00f6postiisi. Mik\u00e4li kuitenkin haluat vastaanottaa jostain erityissyyst\u00e4 n\u00e4m\u00e4 postiosoitteeseesi, pyyd\u00e4mme ilmoittamaan t\u00e4st\u00e4 s\u00e4hk\u00f6postilla osoitteeseen membership@smfr.fi. Pyyd\u00e4mme yst\u00e4v\u00e4llisesti my\u00f6s kaikkia vanhoja j\u00e4seni\u00e4 ilmoittamaan j\u00e4senmaksua maksaessaan kaikki rekisteriimme tarvittavat tiedot ja vanhan j\u00e4sennumeronsa.<\/p>\n\n\n\n<p><strong>J\u00e4senyyden tarkistaminen<\/strong><\/p>\n\n\n\n<p>Voit tarkistaa j\u00e4senyyden voimassaolon itse helposti virtuaalij\u00e4senkortistasi &#8211; siin\u00e4 lukee viimeinen p\u00e4iv\u00e4m\u00e4\u00e4r\u00e4, johon j\u00e4senyytesi on voimassa. Virtuaalij\u00e4senkortin voi my\u00f6s tallentaa kuvana vaikkapa matkapuhelimeen jolloin se on saatavilla heikommankin netin alueella. Tarkistaminen onnistuu omatoimisesti web-selaimessa saamillasi kirjautumistunnuksilla. Voit my\u00f6s vaihtaa PIN-koodisi mieleisemp\u00e4\u00e4n kirjautumalla j\u00e4sensivuille, <a href=\"https:\/\/www.smfr.fi\/jasensivut\/\" data-type=\"link\" data-id=\"https:\/\/www.smfr.fi\/jasensivut\/\">https:\/\/www.smfr.fi\/jasensivut\/<\/a><\/p>\n\n\n\n<p>J\u00e4senyyden voimassaolon voi my\u00f6s tarkistaa kuka tahansa lukemalla j\u00e4senkortista siin\u00e4 olevan QR-koodin. Jos j\u00e4senyys on voimassa ja kaikki hyvin, linkin pit\u00e4isi n\u00e4ytt\u00e4\u00e4 ruudulla t\u00e4sm\u00e4lleen identtinen j\u00e4senkortti kuin mist\u00e4 QR-koodi luettiin.<\/p>\n\n\n\n<p><strong>J\u00e4senetuudet<\/strong><\/p>\n\n\n\n<p>SMFR:ll\u00e4 on useita j\u00e4senetuuksia tarjoavia yhteisty\u00f6kumppaneita. T\u00e4ll\u00e4 hetkell\u00e4 voimassa olevat etuudet (oikeus muutoksiin pid\u00e4tet\u00e4\u00e4n):<\/p>\n\n\n\n<p>\u2022 <a href=\"https:\/\/keltainenruusu.fi\">Keltainen Ruusu<\/a><br>Alennus -20% kaikista ostoksista voimassa olevalla j\u00e4senkortilla (esitett\u00e4v\u00e4 oston yhteydess\u00e4 kassalla).<\/p>\n\n\n\n<p>\u2022 <a href=\"https:\/\/www.aikuiseksi.com\">Aikuiseksi<\/a><br>Alennus -30% kaikista palveluista ja koulutuksista SMFR:n j\u00e4senkortti maksaessa esitt\u00e4m\u00e4ll\u00e4.<\/p>\n\n\n\n<p>\u2022 <a href=\"https:\/\/www.sexshop.fi\">Sex Shop<\/a> (Finland)<br>Alennus -10% kaikista ostoksista n\u00e4ytt\u00e4m\u00e4ll\u00e4 voimassa olevaa SMFR-j\u00e4senkorttia kassalla.<\/p>\n\n\n\n<p>\u2022 <a href=\"https:\/\/joyfactory.fi\/\">Joy Factory<\/a><br>Alennus -10% verstaalta ja Joy Factoryn omassa tapahtumamyynniss\u00e4 n\u00e4ytt\u00e4m\u00e4ll\u00e4 voimassa oleva SMFR-j\u00e4senkortti.<\/p>\n\n\n\n<p>\u2022 <a href=\"https:\/\/bep.pic.fi\/\">Blind Eye Production<\/a><br>Alennus -10% tapahtumamyyntien valmistuotteista n\u00e4ytt\u00e4m\u00e4ll\u00e4 voimassa oleva SMFR-j\u00e4senkortti.<\/p>\n\n\n\n<p>\u2022 <a href=\"https:\/\/www.90studio.fi\">90studio<\/a><br>Kun varaat kahden tunnin leikkiajan ja vastaat varausvahvistusmailiin SMFR-j\u00e4sennumerollasi, muuttuu varaus k\u00e4tev\u00e4sti ilman lis\u00e4kustannusta nelj\u00e4n tunnin varaukseksi.<\/p>\n\n\n\n<p>\u2022 <a href=\"https:\/\/www.antishop.fi\">Anti-Shop<\/a><br>Alennus -10% myym\u00e4l\u00e4ss\u00e4 (ei verkkokaupassa) Gummeruksenkatu 5, 40100 Jyv\u00e4skyl\u00e4.<\/p>\n\n\n\n<p><\/p>\n","protected":false},"excerpt":{"rendered":"<p>Tervetuloa j\u00e4seneksi! J\u00e4senen\u00e4 olet oikeutettu erilaisiin j\u00e4senetuihin. J\u00e4seneksi liittyminen<\/p>\n<p><a href=\"https:\/\/smfr.fi\/wordpress\/jasenyys\/\" class=\"more-link\">Jatka lukemista&#8230;<span class=\"screen-reader-text\">J\u00e4senyys<\/span><\/a><\/p>\n","protected":false},"author":7,"featured_media":0,"parent":0,"menu_order":0,"comment_status":"closed","ping_status":"closed","template":"","meta":{"ngg_post_thumbnail":0,"footnotes":""},"class_list":["post-45","page","type-page","status-publish","hentry"],"_links":{"self":[{"href":"https:\/\/smfr.fi\/wordpress\/wp-json\/wp\/v2\/pages\/45","targetHints":{"allow":["GET"]}}],"collection":[{"href":"https:\/\/smfr.fi\/wordpress\/wp-json\/wp\/v2\/pages"}],"about":[{"href":"https:\/\/smfr.fi\/wordpress\/wp-json\/wp\/v2\/types\/page"}],"author":[{"embeddable":true,"href":"https:\/\/smfr.fi\/wordpress\/wp-json\/wp\/v2\/users\/7"}],"replies":[{"embeddable":true,"href":"https:\/\/smfr.fi\/wordpress\/wp-json\/wp\/v2\/comments?post=45"}],"version-history":[{"count":24,"href":"https:\/\/smfr.fi\/wordpress\/wp-json\/wp\/v2\/pages\/45\/revisions"}],"predecessor-version":[{"id":2908,"href":"https:\/\/smfr.fi\/wordpress\/wp-json\/wp\/v2\/pages\/45\/revisions\/2908"}],"wp:attachment":[{"href":"https:\/\/smfr.fi\/wordpress\/wp-json\/wp\/v2\/media?parent=45"}],"curies":[{"name":"wp","href":"https:\/\/api.w.org\/{rel}","templated":true}]}}