{"id":3,"date":"2021-02-08T06:46:58","date_gmt":"2021-02-08T06:46:58","guid":{"rendered":"http:\/\/smfr.fi\/wordpress\/?page_id=3"},"modified":"2022-10-21T20:00:15","modified_gmt":"2022-10-21T18:00:15","slug":"privacy-policy","status":"publish","type":"page","link":"https:\/\/smfr.fi\/wordpress\/privacy-policy\/","title":{"rendered":"Rekisteriseloste"},"content":{"rendered":"<div class=\"wp-block-image\">\n<figure class=\"aligncenter size-full\"><img loading=\"lazy\" decoding=\"async\" width=\"551\" height=\"551\" src=\"https:\/\/smfr.fi\/wordpress\/wp-content\/uploads\/2022\/10\/Untitled-3.jpg\" alt=\"\" class=\"wp-image-2733\" srcset=\"https:\/\/smfr.fi\/wordpress\/wp-content\/uploads\/2022\/10\/Untitled-3.jpg 551w, https:\/\/smfr.fi\/wordpress\/wp-content\/uploads\/2022\/10\/Untitled-3-300x300.jpg 300w, https:\/\/smfr.fi\/wordpress\/wp-content\/uploads\/2022\/10\/Untitled-3-150x150.jpg 150w\" sizes=\"auto, (max-width: 551px) 100vw, 551px\" \/><\/figure>\n<\/div>\n\n\n<hr class=\"wp-block-separator has-css-opacity\"\/>\n\n\n\n<p>(Henkil\u00f6tietolain (523\/1999) 10 \u00a7 mukainen rekisteriseloste)<\/p>\n\n\n\n<h4 class=\"wp-block-heading\">1. Rekisterin nimi<\/h4>\n\n\n\n<p>SM-Fetisisti Ryhm\u00e4 ry:n j\u00e4senrekisteri<\/p>\n\n\n\n<h4 class=\"wp-block-heading\">2. Rekisterinpit\u00e4j\u00e4<\/h4>\n\n\n\n<p>Nimi: SM-Fetisisti Ryhm\u00e4 ry (SMFR ry)<\/p>\n\n\n\n<p>Rek. nro: 172.231, Y-tunnus: 2729453-9<br>Verkkosivut: https:\/\/www.smfr.fi<br>S\u00e4hk\u00f6posti: smfr (at) smfr.fi<\/p>\n\n\n\n<h4 class=\"wp-block-heading\">2.1. Rekisteriasioista vastaava henkil\u00f6<\/h4>\n\n\n\n<p>Nimi: SM-Fetisisti Ryhm\u00e4 ry, j\u00e4senvastaava<br>S\u00e4hk\u00f6posti: membership (at) smfr.fi<\/p>\n\n\n\n<h4 class=\"wp-block-heading\">3. Rekisterin k\u00e4ytt\u00f6tarkoitus<\/h4>\n\n\n\n<p>Rekisterin tarkoituksena on ker\u00e4t\u00e4 yhdistyksen j\u00e4senist\u00e4 yhdistyslain (503\/1989) 11 \u00a7:n vaatimat henkil\u00f6tiedot ja muut yhdistyksen toimintaa varten tarpeelliset tiedot. Yhteys- ja j\u00e4senyystietoja ker\u00e4t\u00e4\u00e4n j\u00e4senasioiden hoitamista, tiedotusta ja laskutusta varten.<\/p>\n\n\n\n<p>J\u00e4senrekisterist\u00e4 toimitetaan jokaisen j\u00e4senkortin numero ja j\u00e4senyyden voimassaolotieto SMFR.fi verkkopalveluun, josta yhteisty\u00f6kumppanit ja muut yhdistykset voivat tarvittaessa tarkastaa j\u00e4senyyden voimassaolon kunakin vuonna. Verkkopalveluun ei toimiteta mit\u00e4\u00e4n henkil\u00f6tietoja, eli palvelusta ei ole mahdollista saada muuta tietoa kuin j\u00e4senyyden voimassaolo, eik\u00e4 j\u00e4senyyden voimassaoloa ole mahdollista tarkistaa muulla kuin j\u00e4senkortin numerolla.<\/p>\n\n\n\n<p>Virtuaalij\u00e4senkortin osalta rekisterist\u00e4 toimitetaan j\u00e4sennumero, tieto j\u00e4senmaksun maksamisesta sek\u00e4 nimimerkki. N\u00e4m\u00e4 tiedot eiv\u00e4t ole n\u00e4ht\u00e4viss\u00e4 kuin j\u00e4senelle itselleen virtuaalij\u00e4senkorttia luotaessa ja silloinkin ainoastaan kun j\u00e4sen on onnistuneesti kirjautunut henkil\u00f6kohtaisilla tunnuksillaan j\u00e4senkorttipalveluun.<\/p>\n\n\n\n<h4 class=\"wp-block-heading\">4. Rekisterin tietosis\u00e4lt\u00f6<\/h4>\n\n\n\n<p>Rekisteriin ker\u00e4t\u00e4\u00e4n pakollisina tietoina yhdistyslain (503\/1989) 11 \u00a7:n vaatimat henkil\u00f6tiedot eli j\u00e4senen t\u00e4ydellinen nimi ja kotipaikka. Lis\u00e4ksi tallennetaan seuraavat tiedot:<\/p>\n\n\n\n<ul class=\"wp-block-list\"><li>J\u00e4senen yhteystiedot (s\u00e4hk\u00f6postiosoite tiedotusta ja virtuaalij\u00e4senkortin toimitusta varten)<\/li><li>J\u00e4senyystiedot (j\u00e4sentyyppi, j\u00e4sennumero)<\/li><li>J\u00e4senmaksutiedot (j\u00e4senmaksuvuosi)<\/li><li>Nimimerkki (j\u00e4senen itse liittyess\u00e4 ilmoitettu tai my\u00f6hemmin ilmoittama)<\/li><\/ul>\n\n\n\n<h4 class=\"wp-block-heading\">5. Rekisterin tietol\u00e4hteet<\/h4>\n\n\n\n<p>J\u00e4senrekisteriin kirjattavat tiedot saadaan j\u00e4senen omalla ilmoituksella tai j\u00e4senyytt\u00e4 hakevan henkil\u00f6n ilmoituksella j\u00e4senhakemuslomakkeen kautta.<\/p>\n\n\n\n<h4 class=\"wp-block-heading\">6. Tietojen luovuttaminen ja tietojen siirto EU:n tai ETA:n ulkopuolelle<\/h4>\n\n\n\n<p>J\u00e4senrekisteriin tallennettuja tietoja ei s\u00e4\u00e4nn\u00f6nmukaisesti luovuteta yhdistyksen ulkopuolelle, ei my\u00f6sk\u00e4\u00e4n EU-alueen tai ETA:n ulkopuolelle.<\/p>\n\n\n\n<h4 class=\"wp-block-heading\">7. Rekisterin suojauksen periaatteet<\/h4>\n\n\n\n<p>Henkil\u00f6tiedot s\u00e4ilytet\u00e4\u00e4n luottamuksellisina. S\u00e4hk\u00f6inen j\u00e4senrekisteri sijaitsee joko rekisteriasioista vastaavan henkil\u00f6n lukitussa tilassa s\u00e4ilytt\u00e4m\u00e4ll\u00e4 tietokoneella tai pilvitallennuspalvelussa kaksinkertaisen (2FA) tunnistautumisen suojaamana muttei kummassakin samanaikaisesti.<\/p>\n\n\n\n<p>J\u00e4senrekisteriin ei ole p\u00e4\u00e4sy\u00e4 kuin j\u00e4senvastaavalla.<\/p>\n\n\n\n<h4 class=\"wp-block-heading\">8. Tarkastusoikeus<\/h4>\n\n\n\n<p>J\u00e4senrekisteriin merkityll\u00e4 j\u00e4senell\u00e4 on oikeus tarkastaa talletetut tietonsa ja pyyt\u00e4\u00e4 rekisterinpit\u00e4j\u00e4\u00e4 korjaamaan virheelliset tietonsa. Tarkastuspyynt\u00f6 on esitett\u00e4v\u00e4 SMFR:n hallitukselle kirjallisesti.<\/p>\n\n\n\n<h4 class=\"wp-block-heading\">9. Rekisteritietojen korjaaminen<\/h4>\n\n\n\n<p>SMFR oikaisee, poistaa ja t\u00e4ydent\u00e4\u00e4 rekisteriss\u00e4 olevat virheelliset, tarpeettomat, puutteelliset tai vanhentuneet tiedot ilman aiheetonta viivytyst\u00e4 oma-aloitteisesti tai rekister\u00f6idyn j\u00e4senen vaatimuksesta.<\/p>\n\n\n\n<h4 class=\"wp-block-heading\">10. Tietojen s\u00e4ilytt\u00e4minen<\/h4>\n\n\n\n<p>Tiedot s\u00e4ilytet\u00e4\u00e4n j\u00e4senrekisteriss\u00e4 niin kauan kuin j\u00e4senyys on voimassa. J\u00e4senyyden lakatessa tiedot poistetaan rekisterist\u00e4.<\/p>\n\n\n\n<p>Mik\u00e4li j\u00e4sen j\u00e4tt\u00e4\u00e4 j\u00e4senmaksunsa maksamatta ja tulee poistetuksi rekisterist\u00e4 ja my\u00f6hemmin liittyy uudestaan yhdistykseen h\u00e4nelle annetaan l\u00e4ht\u00f6kohtaisesti uusi j\u00e4sennumero.<\/p>\n\n\n\n<h4 class=\"wp-block-heading\">11. Muutokset t\u00e4h\u00e4n rekisteriselosteeseen<\/h4>\n\n\n\n<p>T\u00e4t\u00e4 rekisteriselostetta voidaan p\u00e4ivitt\u00e4\u00e4 aika ajoin esimerkiksi lains\u00e4\u00e4d\u00e4nn\u00f6n muuttuessa tai rekisteriasioista vastaavan henkil\u00f6n vaihtuessa. T\u00e4m\u00e4 tietosuojaseloste on viimeksi p\u00e4ivitetty 21.10.2022.<\/p>\n\n\n\n<p>COPYRIGHT \u00a9 2006 &#8211; 2022 SM-FETISISTI RYHM\u00c4 RY<\/p>\n","protected":false},"excerpt":{"rendered":"<p>(Henkil\u00f6tietolain (523\/1999) 10 \u00a7 mukainen rekisteriseloste) 1. Rekisterin nimi<\/p>\n<p><a href=\"https:\/\/smfr.fi\/wordpress\/privacy-policy\/\" class=\"more-link\">Jatka lukemista&#8230;<span class=\"screen-reader-text\">Rekisteriseloste<\/span><\/a><\/p>\n","protected":false},"author":7,"featured_media":0,"parent":0,"menu_order":0,"comment_status":"closed","ping_status":"open","template":"","meta":{"ngg_post_thumbnail":0,"footnotes":""},"class_list":["post-3","page","type-page","status-publish","hentry"],"_links":{"self":[{"href":"https:\/\/smfr.fi\/wordpress\/wp-json\/wp\/v2\/pages\/3","targetHints":{"allow":["GET"]}}],"collection":[{"href":"https:\/\/smfr.fi\/wordpress\/wp-json\/wp\/v2\/pages"}],"about":[{"href":"https:\/\/smfr.fi\/wordpress\/wp-json\/wp\/v2\/types\/page"}],"author":[{"embeddable":true,"href":"https:\/\/smfr.fi\/wordpress\/wp-json\/wp\/v2\/users\/7"}],"replies":[{"embeddable":true,"href":"https:\/\/smfr.fi\/wordpress\/wp-json\/wp\/v2\/comments?post=3"}],"version-history":[{"count":6,"href":"https:\/\/smfr.fi\/wordpress\/wp-json\/wp\/v2\/pages\/3\/revisions"}],"predecessor-version":[{"id":2734,"href":"https:\/\/smfr.fi\/wordpress\/wp-json\/wp\/v2\/pages\/3\/revisions\/2734"}],"wp:attachment":[{"href":"https:\/\/smfr.fi\/wordpress\/wp-json\/wp\/v2\/media?parent=3"}],"curies":[{"name":"wp","href":"https:\/\/api.w.org\/{rel}","templated":true}]}}