{"id":2362,"date":"2022-03-17T19:10:50","date_gmt":"2022-03-17T17:10:50","guid":{"rendered":"https:\/\/smfr.fi\/wordpress\/?page_id=2362"},"modified":"2022-03-17T23:57:47","modified_gmt":"2022-03-17T21:57:47","slug":"bdsm-kirjallisuus","status":"publish","type":"page","link":"https:\/\/smfr.fi\/wordpress\/bdsm-kirjallisuus\/","title":{"rendered":"BDSM-kirjallisuus"},"content":{"rendered":"\n<blockquote class=\"wp-block-quote is-layout-flow wp-block-quote-is-layout-flow\"><p>A book is a magical thing that lets you travel to far-away places without ever leaving your chair. <\/p><cite>Katrina Mayer<\/cite><\/blockquote>\n\n\n\n<div class=\"wp-block-image\"><figure class=\"aligncenter size-full\"><img loading=\"lazy\" decoding=\"async\" width=\"688\" height=\"458\" src=\"https:\/\/smfr.fi\/wordpress\/wp-content\/uploads\/2022\/03\/bdsm-kirjallisuus-no-text.jpg\" alt=\"\" class=\"wp-image-2368\" srcset=\"https:\/\/smfr.fi\/wordpress\/wp-content\/uploads\/2022\/03\/bdsm-kirjallisuus-no-text.jpg 688w, https:\/\/smfr.fi\/wordpress\/wp-content\/uploads\/2022\/03\/bdsm-kirjallisuus-no-text-300x200.jpg 300w, https:\/\/smfr.fi\/wordpress\/wp-content\/uploads\/2022\/03\/bdsm-kirjallisuus-no-text-507x338.jpg 507w\" sizes=\"auto, (max-width: 688px) 100vw, 688px\" \/><\/figure><\/div>\n\n\n\n<hr class=\"wp-block-separator is-style-dots\"\/>\n\n\n\n<ul class=\"wp-block-list\"><li><a href=\"https:\/\/smfr.fi\/wordpress\/kirjaesittely\/\">BDSM basics for submissives<\/a>: dealing with the mental and emotional side of submission<\/li><\/ul>\n\n\n\n<p>Lis\u00e4\u00e4 kirjaesittelyj\u00e4 on tulossa. <\/p>\n","protected":false},"excerpt":{"rendered":"<p>A book is a magical thing that lets you<\/p>\n<p><a href=\"https:\/\/smfr.fi\/wordpress\/bdsm-kirjallisuus\/\" class=\"more-link\">Jatka lukemista&#8230;<span class=\"screen-reader-text\">BDSM-kirjallisuus<\/span><\/a><\/p>\n","protected":false},"author":7,"featured_media":0,"parent":0,"menu_order":0,"comment_status":"closed","ping_status":"closed","template":"","meta":{"ngg_post_thumbnail":0,"footnotes":""},"class_list":["post-2362","page","type-page","status-publish","hentry"],"_links":{"self":[{"href":"https:\/\/smfr.fi\/wordpress\/wp-json\/wp\/v2\/pages\/2362","targetHints":{"allow":["GET"]}}],"collection":[{"href":"https:\/\/smfr.fi\/wordpress\/wp-json\/wp\/v2\/pages"}],"about":[{"href":"https:\/\/smfr.fi\/wordpress\/wp-json\/wp\/v2\/types\/page"}],"author":[{"embeddable":true,"href":"https:\/\/smfr.fi\/wordpress\/wp-json\/wp\/v2\/users\/7"}],"replies":[{"embeddable":true,"href":"https:\/\/smfr.fi\/wordpress\/wp-json\/wp\/v2\/comments?post=2362"}],"version-history":[{"count":11,"href":"https:\/\/smfr.fi\/wordpress\/wp-json\/wp\/v2\/pages\/2362\/revisions"}],"predecessor-version":[{"id":2410,"href":"https:\/\/smfr.fi\/wordpress\/wp-json\/wp\/v2\/pages\/2362\/revisions\/2410"}],"wp:attachment":[{"href":"https:\/\/smfr.fi\/wordpress\/wp-json\/wp\/v2\/media?parent=2362"}],"curies":[{"name":"wp","href":"https:\/\/api.w.org\/{rel}","templated":true}]}}